se c + 11 = 5*q - 0*q, -22 = -2*q - 4*c. Let o(y) = -7 - 7*y**2 - 5*y**3 + 13*y**2 + 4*y**q. Is o(3) a multiple of 3?
False
Let f(k) = k**3 + k**2. Let u(l) = 9*l**3 + 8*l**2 + l. Let r(p) = 6*f(p) - u(p). Let b be r(-2). Suppose -h = -18 - b. Does 18 divide h?
True
Let j(y) = -77*y - 4. Does 33 divide j(-6)?
False
Let n(k) = k**3 + 12*k**2 + 17*k + 23. Is 11 a factor of n(-8)?
True
Let y = 12 - 13. Let h = -3 + y. Let w = h - -17. Is 13 a factor of w?
True
Let s(x) = x + 10. Let d = -27 + 22. Let k be s(d). Suppose k*h = -3*w + 4*h + 166, 4*h + 134 = 2*w. Is w a multiple of 19?
True
Let u = 49 + 71. Suppose z - u = -0*z. Does 30 divide z?
True
Let n = 168 + 252. Is 28 a factor of n?
True
Suppose h - 3 = -0*h. Suppose w = h*w - 66. Suppose -4*a = 3*k - 23, -2 = -5*k - 5*a + w. Is k a multiple of 5?
True
Let l = 0 + 2. Suppose -5*z + 25 = l*v, z = -3*v - z + 21. Suppose -v*w = 27 - 77. Is w a multiple of 4?
False
Does 18 divide (-21)/(-14) + 718/4?
False
Let k be (-12)/(-15)*60/24. Suppose 0 = 3*y - 5*d - 107, 0 = 5*y - k*d - 134 - 76. Is 4 a factor of y?
True
Let n(l) = 7*l - 5. Let o be n(5). Suppose -2*a + o = 12. Let b = -4 + a. Is b a multiple of 3?
False
Let g = 936 + -620. Does 79 divide g?
True
Is 7 a factor of 15/(120/16)*28?
True
Let v = 2794 - 1612. Is v a multiple of 69?
False
Suppose i + 3*i - 296 = 4*a, -4*i + 370 = -5*a. Is 37 a factor of a/(-2)*(-5 - -6)?
True
Suppose 2*m + 2*k - 182 - 628 = 0, -3*m + 1197 = -3*k. Is m a multiple of 8?
False
Is 7 a factor of -2 + 11/(121/2332)?
True
Suppose -t = -5*d + 374, -d - 295 = -5*d + 5*t. Let l be (-3)/9 - (-5)/15. Suppose 15 = -2*x - x, l = 5*o - 3*x - d. Is o a multiple of 9?
False
Suppose 4*r - 3*x + 504 = 0, 5*r - 4*x - 268 = -898. Let l = 9 - r. Suppose 5*o = 2*o + l. Does 16 divide o?
False
Let z = 34 - 34. Suppose z = -o - 3*q + 109, 5*q - 549 = -5*o - 4. Is 29 a factor of o?
False
Suppose b - 2*b = -t + 59, 5*t + b = 283. Suppose 0 = -6*o + t + 69. Is (3 - o/2)*-2 a multiple of 3?
True
Let y = 6 + 33. Suppose -4 + y = 5*i. Suppose h - i = 3. Is h a multiple of 6?
False
Let g = 1420 + -1304. Does 3 divide g?
False
Let y = -4600 + 6622. Is 57 a factor of y?
False
Let g = 6 - 10. Let j be (-2 - -1)*(g - -3). Is 4 + (64 - (1 - j)) a multiple of 15?
False
Suppose -5*a = -10*a - 15. Let h = -7 - a. Let o(p) = -2*p + 3. Is 10 a factor of o(h)?
False
Let l(v) = v**2 - 10*v - 1. Does 47 divide l(-18)?
False
Suppose 0 = b - 4*b + 48. Suppose -5*r + 2*t + 8 = 0, 4*t = -4*r - 0*t - b. Suppose 0 = 2*u - r*u - 24. Is u a multiple of 10?
False
Let y(a) = 6*a**2 + 4*a + 4. Let c be y(5). Suppose t = 5*p + 3*t - 198, -5*p + 4*t + c = 0. Is p a multiple of 4?
False
Suppose 2288 = 2*w + 14*w. Is w a multiple of 7?
False
Suppose -8*v + 4*v + 9788 = 4*q, 0 = q - 5. Does 33 divide v?
True
Let i = -23 - -28. Suppose 0 = -2*s - i - 37. Is 1/(-7) + (-2544)/s a multiple of 25?
False
Let a be 252/8*80/15. Suppose m + m = a. Does 32 divide (-2)/12 + 5390/m?
True
Suppose -2*c = 2*z - 0*c, 5*z = 2*c + 21. Let d(a) = -2*a**2 + 4*a - 1. Let o be d(z). Does 10 divide (6/o)/(7/(-245))?
True
Let b(a) = 13*a**2 + 3*a**3 - 29*a**2 + 20*a**2 + 0*a - 13 + 3*a. Does 15 divide b(4)?
True
Let o(u) = 2*u**2 - 2*u + 8. Suppose 0*t - 2*m - 3 = t, -3*t + 3*m - 36 = 0. Let h = 17 + t. Is o(h) a multiple of 40?
True
Let p be -4 + 72 + 0 + -3. Suppose -2*u - 3*u = -p. Let q = u - 0. Does 7 divide q?
False
Let d(k) = -k**3 + 10*k + 16. Is d(-5) a multiple of 14?
False
Suppose -2*y + 192 = y. Suppose -y + 4 = -3*z. Is 11 a factor of z?
False
Suppose 0 = -v + 478 + 413. Is v a multiple of 27?
True
Let j = -841 + 1966. Does 11 divide j?
False
Let h be 9/3 + -2 + -3. Is 29 + (-1 - (h - 1)) a multiple of 8?
False
Let h be 1*(-52)/(-4) + -4. Is 11 a factor of (-216)/(-9)*33/h?
True
Let z = -10 + 13. Let w be z/(2/(-104)*3). Does 20 divide (15*1)/((-13)/w)?
True
Let d be (1 + 1)/((-1)/(-15)). Let c be (-12)/d*(4 + 1). Does 21 divide 141*(0 + c/(-6))?
False
Is 18 a factor of (38736/(-80) + 3)/(2/(-5))?
False
Let q(c) = 39*c + 3. Let z be q(1). Is z*(1 + (-4)/12) a multiple of 14?
True
Suppose -28*u + 62*u - 8602 = 0. Is 11 a factor of u?
True
Let g = 33 + -29. Suppose -1 - 3 = -4*b, x - g*b = 35. Does 14 divide x?
False
Suppose 0 = -3*w + w + 4*v + 10, 8 = 2*w - 5*v. Suppose 14*n = w*n + 60. Does 10 divide n?
False
Suppose 5*h + 5*s = -0*h + 15, -5*h + 19 = s. Let v be (93/(-9))/(h/(-72)). Suppose -y - v = -3*y + 5*a, -256 = -3*y - 4*a. Is 22 a factor of y?
True
Is 6 a factor of (-60 + 56)*18/(-4)?
True
Suppose 633 - 6022 = -17*l. Is l a multiple of 7?
False
Is 55 a factor of (-36)/(-12)*3734/6?
False
Suppose -3*b = 6, -5*b + 3 = o - 15. Let w be (-4)/14 + (-26)/7. Let z = o - w. Is 10 a factor of z?
False
Let y(n) = 8*n**2 - 1. Let v be y(1). Let u = -4 + v. Suppose 2*l + 40 = 5*g, -6*l + l = -u*g + 5. Is 10 a factor of g?
True
Suppose 4359 = 4*o - 2*w + 1065, 0 = 3*o + w - 2478. Is 25 a factor of o?
True
Let d(v) = 6*v**2 + v - 16. Does 7 divide d(4)?
True
Suppose -26 = -c - 8. Suppose -6 = b - 2*b. Let w = c - b. Is w a multiple of 12?
True
Let g(o) = 2 + 8*o - 7*o - 3. Let f be g(0). Is (-6 - -4)*8/f a multiple of 8?
True
Suppose 2*x - 4*h - 88 - 44 = 0, -5*h = -4*x + 255. Does 10 divide (-102)/(-5) + (-24)/x?
True
Let u be 1190/18 + (-2)/18. Let l = u + -57. Is 9 a factor of l?
True
Suppose c = -6*c + 9471. Suppose 0 = y + 10*y - c. Is y a multiple of 16?
False
Suppose -696 = -9*n + 5*n. Let u = 17 + -137. Let x = u + n. Is 17 a factor of x?
False
Let m(c) be the second derivative of c**6/720 + c**5/60 - c**4/3 + 2*c. Let o(r) be the third derivative of m(r). Does 9 divide o(7)?
True
Let h(p) be the third derivative of p**5/12 + p**4/8 - 4*p**3/3 + 9*p**2. Is 34 a factor of h(-5)?
True
Let k(a) be the first derivative of 3*a**2 + 7*a + 4. Let f be k(6). Suppose -5*h = 3*n - 45, 4*n + 5*h - f = 4*h. Does 5 divide n?
True
Suppose 2 = 8*u - 7*u. Suppose 3*l = -u*l + 585. Is 29 a factor of l?
False
Let v be (-46)/8 + 9/12. Is 5 a factor of 0 + (18 - (-2 - v))?
True
Suppose -22*i + 1161 = 105. Is 4 a factor of i?
True
Let u = 13 + -19. Let o(s) = -24*s - 19. Does 12 divide o(u)?
False
Suppose 2243 = 16*a - 3725. Does 64 divide a?
False
Let x(t) = -t**2 + 11*t - 13. Let a(b) = -5*b**2 + 55*b - 65. Let c(p) = 2*a(p) - 11*x(p). Let d be c(10). Suppose -d*m = -322 + 40. Is m a multiple of 21?
False
Let u be 8/40 + 1249/5. Suppose 3*r - 2*x = 2*x + 235, -3*r = -x - u. Suppose 3*l + s - r - 92 = 0, s = 5*l - 287. Does 29 divide l?
True
Let a(y) = 3*y + 17. Let n be a(-6). Let k(b) = -45*b - 1. Does 6 divide k(n)?
False
Suppose -2*t - 4*x = -30 - 26, -4*t - x + 126 = 0. Is 7 a factor of t?
False
Let s(v) = -v**3 - 24*v**2 - 11*v - 168. Is 16 a factor of s(-24)?
True
Let r = 323 + -323. Let t be 2 + -1 + 4/1. Suppose 0 = j - w - 79, t*j + r*w - 3*w = 403. Is j a multiple of 16?
False
Let d = -35 - -152. Suppose 3*z = -3*g + d, -z - 16 = -2*g + 77. Suppose y - g = 22. Is 22 a factor of y?
True
Suppose 7*z + 3*p + 558 = 11*z, 0 = -4*z - 2*p + 568. Is z a multiple of 2?
False
Is 2/(-6) + 2346/18 a multiple of 28?
False
Let g = -599 + 603. Let j(x) = x**3 + 3*x**2 + 3*x + 3. Let k be j(-2). Suppose -f + 5 = q + g*q, 0 = -q - k. Is 10 a factor of f?
True
Let w(j) = -j**3 + 6*j**2 + 6*j + 3. Let i be w(7). Let b = i - -6. Suppose 0 = -b*s - 4*k + 80, -140 = -4*s - 4*k - 0*k. Is s a multiple of 10?
True
Let i(g) = -28*g + 42. Is i(-11) a multiple of 19?
False
Let n = 24 - 140. Let z = 15 + n. Is 4 a factor of 6/(-30) - z/5?
True
Suppose 2*k = -3*m + 688, 5*m + k - 1176 = 5*k. Suppose 5*i - 138 = -2*r, 6*i + m = 3*r + i. Is r a multiple of 16?
False
Let k(n) = -n**2 - 14*n - 8. Let z be k(-11). Let m = 106 - 52. Let h = m - z. Does 16 divide h?
False
Suppose -9*y - 3*i + 7700 = -4*y, 5*y - 7700 = 3*i. Does 28 divide y?
True
Suppose -2*v + 1750 = 4*k - 0*k, -k + 441 = -3*v. Let g = -210 + k. Is g a multiple of 18?
False
Let w(h) = h**3 + 2*h**2 + 2*h + 1. Let t be w(-1). Let y(j) = -j + 25. Let m be y(t). Does 14 divide 6*(-1)/(-2) + m?
True
Let z = -4 + 4. Suppose z = 4*j + j - 10. Suppose -3*t - j*t + 245 = 0. Is t a multiple of 16?
False
Suppose -3*a - 5*q - 28 = 39, 0 = -5*q - 10. Let c = 5 - a. Is c a multiple of 8?
True
Suppose -3*m + 11*m + 